{"id":4551,"date":"2024-03-06T16:02:36","date_gmt":"2024-03-06T15:02:36","guid":{"rendered":"https:\/\/matuile.com\/media\/?page_id=4551"},"modified":"2024-03-06T16:03:14","modified_gmt":"2024-03-06T15:03:14","slug":"plan-du-site","status":"publish","type":"page","link":"https:\/\/matuile.com\/media\/plan-du-site\/","title":{"rendered":"PLAN DU SITE"},"content":{"rendered":"<hr class=\"wp-block-separator has-alpha-channel-opacity is-style-wide\"\/><div style=\"height:50px\" aria-hidden=\"true\" class=\"wp-block-spacer\"><\/div><div class=\"wp-block-columns is-layout-flex wp-container-core-columns-is-layout-9d6595d7 wp-block-columns-is-layout-flex\"><div class=\"wp-block-column is-layout-flow wp-block-column-is-layout-flow\"><\/div>\n\n<div class=\"wp-block-column is-layout-flow wp-block-column-is-layout-flow\"><p class=\"has-text-align-center\" style=\"font-style:normal;font-weight:100\"><a href=\"https:\/\/matuile.com\/home\" target=\"_blank\" rel=\"noreferrer noopener\">Accueil<\/a><\/p>\n\n<p class=\"has-text-align-center\" style=\"font-style:normal;font-weight:100\"><a href=\"https:\/\/matuile.com\/prestations\" target=\"_blank\" rel=\"noreferrer noopener\">Nos prestations<\/a><\/p>\n\n<p class=\"has-text-align-center\" style=\"font-style:normal;font-weight:100\"><a href=\"https:\/\/matuile.com\/media\/\">M\u00e9dia<\/a><\/p>\n\n<p class=\"has-text-align-center\" style=\"font-style:normal;font-weight:100\"><a href=\"https:\/\/matuile.com\/devenezpartenaire\" target=\"_blank\" rel=\"noreferrer noopener\">Devenez partenaire<\/a><\/p>\n\n<p class=\"has-text-align-center\" style=\"font-style:normal;font-weight:100\"><a href=\"https:\/\/matuile.com\/contact\" target=\"_blank\" rel=\"noreferrer noopener\">Contactez-nous<\/a><\/p>\n\n<p class=\"has-text-align-center\" style=\"font-style:normal;font-weight:100\"><a href=\"https:\/\/matuile.com\/Espaceadmin\" target=\"_blank\" rel=\"noreferrer noopener\">Espace pro<\/a><\/p>\n\n<p class=\"has-text-align-center\" style=\"font-style:normal;font-weight:100\"><a href=\"https:\/\/matuile.com\/home\/page\/mentions\" target=\"_blank\" rel=\"noreferrer noopener\">Mentions l\u00e9gales<\/a><\/p>\n\n<p class=\"has-text-align-center\" style=\"font-style:normal;font-weight:100\"><a href=\"https:\/\/matuile.com\/home\/page\/cgu\" target=\"_blank\" rel=\"noreferrer noopener\">Conditions g\u00e9n\u00e9rales d&rsquo;utilisation<\/a><\/p>\n\n<p class=\"has-text-align-center\" style=\"font-style:normal;font-weight:100\"><a href=\"https:\/\/matuile.com\/media\/plan-du-site\/\">Plan du site<\/a><\/p><\/div>\n\n<div class=\"wp-block-column is-layout-flow wp-block-column-is-layout-flow\"><\/div><\/div>","protected":false},"excerpt":{"rendered":"<p>Accueil Nos prestations M\u00e9dia Devenez partenaire Contactez-nous Espace pro Mentions l\u00e9gales Conditions g\u00e9n\u00e9rales d&rsquo;utilisation Plan du site<\/p>\n","protected":false},"author":3,"featured_media":0,"parent":0,"menu_order":0,"comment_status":"closed","ping_status":"closed","template":"","meta":{"inline_featured_image":false,"footnotes":""},"class_list":["post-4551","page","type-page","status-publish"],"acf":[],"yoast_head":"<!-- This site is optimized with the Yoast SEO plugin v27.4 - https:\/\/yoast.com\/product\/yoast-seo-wordpress\/ -->\n<title>Plan du site - Matuile<\/title>\n<meta name=\"description\" content=\"Explorez la structure de notre site gr\u00e2ce \u00e0 notre page de plan. Elle vous permet d&#039;acc\u00e9der rapidement \u00e0 l&#039;information que vous cherchez.\" \/>\n<meta name=\"robots\" content=\"index, follow, max-snippet:-1, max-image-preview:large, max-video-preview:-1\" \/>\n<link rel=\"canonical\" href=\"https:\/\/matuile.com\/media\/plan-du-site\/\" \/>\n<meta property=\"og:locale\" content=\"fr_FR\" \/>\n<meta property=\"og:type\" content=\"article\" \/>\n<meta property=\"og:title\" content=\"Plan du site - Matuile\" \/>\n<meta property=\"og:description\" content=\"Explorez la structure de notre site gr\u00e2ce \u00e0 notre page de plan. Elle vous permet d&#039;acc\u00e9der rapidement \u00e0 l&#039;information que vous cherchez.\" \/>\n<meta property=\"og:url\" content=\"https:\/\/matuile.com\/media\/plan-du-site\/\" \/>\n<meta property=\"og:site_name\" content=\"Matuile\" \/>\n<meta property=\"article:modified_time\" content=\"2024-03-06T15:03:14+00:00\" \/>\n<meta name=\"twitter:card\" content=\"summary_large_image\" \/>\n<meta name=\"twitter:label1\" content=\"Dur\u00e9e de lecture estim\u00e9e\" \/>\n\t<meta name=\"twitter:data1\" content=\"1 minute\" \/>\n<script type=\"application\/ld+json\" class=\"yoast-schema-graph\">{\"@context\":\"https:\\\/\\\/schema.org\",\"@graph\":[{\"@type\":\"WebPage\",\"@id\":\"https:\\\/\\\/matuile.com\\\/media\\\/plan-du-site\\\/\",\"url\":\"https:\\\/\\\/matuile.com\\\/media\\\/plan-du-site\\\/\",\"name\":\"Plan du site - Matuile\",\"isPartOf\":{\"@id\":\"https:\\\/\\\/matuile.com\\\/media\\\/#website\"},\"datePublished\":\"2024-03-06T15:02:36+00:00\",\"dateModified\":\"2024-03-06T15:03:14+00:00\",\"description\":\"Explorez la structure de notre site gr\u00e2ce \u00e0 notre page de plan. Elle vous permet d'acc\u00e9der rapidement \u00e0 l'information que vous cherchez.\",\"breadcrumb\":{\"@id\":\"https:\\\/\\\/matuile.com\\\/media\\\/plan-du-site\\\/#breadcrumb\"},\"inLanguage\":\"fr-FR\",\"potentialAction\":[{\"@type\":\"ReadAction\",\"target\":[\"https:\\\/\\\/matuile.com\\\/media\\\/plan-du-site\\\/\"]}]},{\"@type\":\"BreadcrumbList\",\"@id\":\"https:\\\/\\\/matuile.com\\\/media\\\/plan-du-site\\\/#breadcrumb\",\"itemListElement\":[{\"@type\":\"ListItem\",\"position\":1,\"name\":\"Accueil\",\"item\":\"https:\\\/\\\/matuile.com\\\/media\\\/\"},{\"@type\":\"ListItem\",\"position\":2,\"name\":\"PLAN DU SITE\"}]},{\"@type\":\"WebSite\",\"@id\":\"https:\\\/\\\/matuile.com\\\/media\\\/#website\",\"url\":\"https:\\\/\\\/matuile.com\\\/media\\\/\",\"name\":\"Matuile Blog\",\"description\":\"La solution \u00e0 votre urgence\",\"publisher\":{\"@id\":\"https:\\\/\\\/matuile.com\\\/media\\\/#organization\"},\"alternateName\":\"Matuile\",\"potentialAction\":[{\"@type\":\"SearchAction\",\"target\":{\"@type\":\"EntryPoint\",\"urlTemplate\":\"https:\\\/\\\/matuile.com\\\/media\\\/?s={search_term_string}\"},\"query-input\":{\"@type\":\"PropertyValueSpecification\",\"valueRequired\":true,\"valueName\":\"search_term_string\"}}],\"inLanguage\":\"fr-FR\"},{\"@type\":\"Organization\",\"@id\":\"https:\\\/\\\/matuile.com\\\/media\\\/#organization\",\"name\":\"Matuile\",\"url\":\"https:\\\/\\\/matuile.com\\\/media\\\/\",\"logo\":{\"@type\":\"ImageObject\",\"inLanguage\":\"fr-FR\",\"@id\":\"https:\\\/\\\/matuile.com\\\/media\\\/#\\\/schema\\\/logo\\\/image\\\/\",\"url\":\"https:\\\/\\\/matuile.com\\\/media\\\/wp-content\\\/uploads\\\/2023\\\/04\\\/Matuile.png\",\"contentUrl\":\"https:\\\/\\\/matuile.com\\\/media\\\/wp-content\\\/uploads\\\/2023\\\/04\\\/Matuile.png\",\"width\":700,\"height\":700,\"caption\":\"Matuile\"},\"image\":{\"@id\":\"https:\\\/\\\/matuile.com\\\/media\\\/#\\\/schema\\\/logo\\\/image\\\/\"}}]}<\/script>\n<!-- \/ Yoast SEO plugin. -->","yoast_head_json":{"title":"Plan du site - Matuile","description":"Explorez la structure de notre site gr\u00e2ce \u00e0 notre page de plan. Elle vous permet d'acc\u00e9der rapidement \u00e0 l'information que vous cherchez.","robots":{"index":"index","follow":"follow","max-snippet":"max-snippet:-1","max-image-preview":"max-image-preview:large","max-video-preview":"max-video-preview:-1"},"canonical":"https:\/\/matuile.com\/media\/plan-du-site\/","og_locale":"fr_FR","og_type":"article","og_title":"Plan du site - Matuile","og_description":"Explorez la structure de notre site gr\u00e2ce \u00e0 notre page de plan. Elle vous permet d'acc\u00e9der rapidement \u00e0 l'information que vous cherchez.","og_url":"https:\/\/matuile.com\/media\/plan-du-site\/","og_site_name":"Matuile","article_modified_time":"2024-03-06T15:03:14+00:00","twitter_card":"summary_large_image","twitter_misc":{"Dur\u00e9e de lecture estim\u00e9e":"1 minute"},"schema":{"@context":"https:\/\/schema.org","@graph":[{"@type":"WebPage","@id":"https:\/\/matuile.com\/media\/plan-du-site\/","url":"https:\/\/matuile.com\/media\/plan-du-site\/","name":"Plan du site - Matuile","isPartOf":{"@id":"https:\/\/matuile.com\/media\/#website"},"datePublished":"2024-03-06T15:02:36+00:00","dateModified":"2024-03-06T15:03:14+00:00","description":"Explorez la structure de notre site gr\u00e2ce \u00e0 notre page de plan. Elle vous permet d'acc\u00e9der rapidement \u00e0 l'information que vous cherchez.","breadcrumb":{"@id":"https:\/\/matuile.com\/media\/plan-du-site\/#breadcrumb"},"inLanguage":"fr-FR","potentialAction":[{"@type":"ReadAction","target":["https:\/\/matuile.com\/media\/plan-du-site\/"]}]},{"@type":"BreadcrumbList","@id":"https:\/\/matuile.com\/media\/plan-du-site\/#breadcrumb","itemListElement":[{"@type":"ListItem","position":1,"name":"Accueil","item":"https:\/\/matuile.com\/media\/"},{"@type":"ListItem","position":2,"name":"PLAN DU SITE"}]},{"@type":"WebSite","@id":"https:\/\/matuile.com\/media\/#website","url":"https:\/\/matuile.com\/media\/","name":"Matuile Blog","description":"La solution \u00e0 votre urgence","publisher":{"@id":"https:\/\/matuile.com\/media\/#organization"},"alternateName":"Matuile","potentialAction":[{"@type":"SearchAction","target":{"@type":"EntryPoint","urlTemplate":"https:\/\/matuile.com\/media\/?s={search_term_string}"},"query-input":{"@type":"PropertyValueSpecification","valueRequired":true,"valueName":"search_term_string"}}],"inLanguage":"fr-FR"},{"@type":"Organization","@id":"https:\/\/matuile.com\/media\/#organization","name":"Matuile","url":"https:\/\/matuile.com\/media\/","logo":{"@type":"ImageObject","inLanguage":"fr-FR","@id":"https:\/\/matuile.com\/media\/#\/schema\/logo\/image\/","url":"https:\/\/matuile.com\/media\/wp-content\/uploads\/2023\/04\/Matuile.png","contentUrl":"https:\/\/matuile.com\/media\/wp-content\/uploads\/2023\/04\/Matuile.png","width":700,"height":700,"caption":"Matuile"},"image":{"@id":"https:\/\/matuile.com\/media\/#\/schema\/logo\/image\/"}}]}},"_links":{"self":[{"href":"https:\/\/matuile.com\/media\/wp-json\/wp\/v2\/pages\/4551","targetHints":{"allow":["GET"]}}],"collection":[{"href":"https:\/\/matuile.com\/media\/wp-json\/wp\/v2\/pages"}],"about":[{"href":"https:\/\/matuile.com\/media\/wp-json\/wp\/v2\/types\/page"}],"author":[{"embeddable":true,"href":"https:\/\/matuile.com\/media\/wp-json\/wp\/v2\/users\/3"}],"replies":[{"embeddable":true,"href":"https:\/\/matuile.com\/media\/wp-json\/wp\/v2\/comments?post=4551"}],"version-history":[{"count":8,"href":"https:\/\/matuile.com\/media\/wp-json\/wp\/v2\/pages\/4551\/revisions"}],"predecessor-version":[{"id":38390,"href":"https:\/\/matuile.com\/media\/wp-json\/wp\/v2\/pages\/4551\/revisions\/38390"}],"wp:attachment":[{"href":"https:\/\/matuile.com\/media\/wp-json\/wp\/v2\/media?parent=4551"}],"curies":[{"name":"wp","href":"https:\/\/api.w.org\/{rel}","templated":true}]}}