{"id":41227,"date":"2024-03-06T15:53:30","date_gmt":"2024-03-06T14:53:30","guid":{"rendered":"https:\/\/matuile.com\/media\/?page_id=41227"},"modified":"2024-09-25T13:59:09","modified_gmt":"2024-09-25T11:59:09","slug":"guides","status":"publish","type":"page","link":"https:\/\/matuile.com\/media\/guides\/","title":{"rendered":"Les guides"},"content":{"rendered":"<div style=\"height:40px\" aria-hidden=\"true\" class=\"wp-block-spacer\"><\/div><div style=\"height:10px\" aria-hidden=\"true\" class=\"wp-block-spacer\"><\/div><figure class=\"wp-block-image size-full\"><a href=\"https:\/\/matuile.com\/media\/guide-huissier\/\"><img decoding=\"async\" width=\"1620\" height=\"626\" src=\"https:\/\/matuile.com\/media\/wp-content\/uploads\/2024\/02\/Le-guide-des-constats-dhuissier.png\" alt=\"\" class=\"wp-image-46330\" srcset=\"https:\/\/matuile.com\/media\/wp-content\/uploads\/2024\/02\/Le-guide-des-constats-dhuissier.png 1620w, https:\/\/matuile.com\/media\/wp-content\/uploads\/2024\/02\/Le-guide-des-constats-dhuissier-600x232.png 600w, https:\/\/matuile.com\/media\/wp-content\/uploads\/2024\/02\/Le-guide-des-constats-dhuissier-300x116.png 300w, https:\/\/matuile.com\/media\/wp-content\/uploads\/2024\/02\/Le-guide-des-constats-dhuissier-1024x396.png 1024w, https:\/\/matuile.com\/media\/wp-content\/uploads\/2024\/02\/Le-guide-des-constats-dhuissier-768x297.png 768w, https:\/\/matuile.com\/media\/wp-content\/uploads\/2024\/02\/Le-guide-des-constats-dhuissier-1536x594.png 1536w, https:\/\/matuile.com\/media\/wp-content\/uploads\/2024\/02\/Le-guide-des-constats-dhuissier-360x139.png 360w\" sizes=\"(max-width: 1620px) 100vw, 1620px\" \/><\/a><\/figure><figure class=\"wp-block-image size-full\"><a href=\"https:\/\/matuile.com\/media\/guide-serrurerie\/\"><img decoding=\"async\" width=\"1620\" height=\"626\" src=\"https:\/\/matuile.com\/media\/wp-content\/uploads\/2023\/10\/Le-guide-de-la-serrurerie.png\" alt=\"\" class=\"wp-image-41685\" srcset=\"https:\/\/matuile.com\/media\/wp-content\/uploads\/2023\/10\/Le-guide-de-la-serrurerie.png 1620w, https:\/\/matuile.com\/media\/wp-content\/uploads\/2023\/10\/Le-guide-de-la-serrurerie-600x232.png 600w, https:\/\/matuile.com\/media\/wp-content\/uploads\/2023\/10\/Le-guide-de-la-serrurerie-300x116.png 300w, https:\/\/matuile.com\/media\/wp-content\/uploads\/2023\/10\/Le-guide-de-la-serrurerie-1024x396.png 1024w, https:\/\/matuile.com\/media\/wp-content\/uploads\/2023\/10\/Le-guide-de-la-serrurerie-768x297.png 768w, https:\/\/matuile.com\/media\/wp-content\/uploads\/2023\/10\/Le-guide-de-la-serrurerie-1536x594.png 1536w, https:\/\/matuile.com\/media\/wp-content\/uploads\/2023\/10\/Le-guide-de-la-serrurerie-360x139.png 360w\" sizes=\"(max-width: 1620px) 100vw, 1620px\" \/><\/a><\/figure><figure class=\"wp-block-image size-full\"><a href=\"https:\/\/matuile.com\/media\/cours-informatique-gratuit\/\"><img decoding=\"async\" width=\"1619\" height=\"626\" src=\"https:\/\/matuile.com\/media\/wp-content\/uploads\/2023\/10\/Le-guide-de-linformatique-3.png\" alt=\"\" class=\"wp-image-41678\" srcset=\"https:\/\/matuile.com\/media\/wp-content\/uploads\/2023\/10\/Le-guide-de-linformatique-3.png 1619w, https:\/\/matuile.com\/media\/wp-content\/uploads\/2023\/10\/Le-guide-de-linformatique-3-600x232.png 600w, https:\/\/matuile.com\/media\/wp-content\/uploads\/2023\/10\/Le-guide-de-linformatique-3-300x116.png 300w, https:\/\/matuile.com\/media\/wp-content\/uploads\/2023\/10\/Le-guide-de-linformatique-3-1024x396.png 1024w, https:\/\/matuile.com\/media\/wp-content\/uploads\/2023\/10\/Le-guide-de-linformatique-3-768x297.png 768w, https:\/\/matuile.com\/media\/wp-content\/uploads\/2023\/10\/Le-guide-de-linformatique-3-1536x594.png 1536w, https:\/\/matuile.com\/media\/wp-content\/uploads\/2023\/10\/Le-guide-de-linformatique-3-360x139.png 360w\" sizes=\"(max-width: 1619px) 100vw, 1619px\" \/><\/a><\/figure>","protected":false},"excerpt":{"rendered":"","protected":false},"author":7,"featured_media":0,"parent":0,"menu_order":0,"comment_status":"closed","ping_status":"closed","template":"","meta":{"inline_featured_image":false,"footnotes":""},"class_list":["post-41227","page","type-page","status-publish"],"acf":[],"yoast_head":"<!-- This site is optimized with the Yoast SEO plugin v27.5 - https:\/\/yoast.com\/product\/yoast-seo-wordpress\/ -->\n<title>Les Guides - Matuile<\/title>\n<meta name=\"description\" content=\"D\u00e9couvrez notre biblioth\u00e8que compl\u00e8te de guides, une collection soigneusement \u00e9labor\u00e9e pour r\u00e9pondre \u00e0 vos besoins vari\u00e9s.\" \/>\n<meta name=\"robots\" content=\"index, follow, max-snippet:-1, max-image-preview:large, max-video-preview:-1\" \/>\n<link rel=\"canonical\" href=\"https:\/\/matuile.com\/media\/guides\/\" \/>\n<meta property=\"og:locale\" content=\"fr_FR\" \/>\n<meta property=\"og:type\" content=\"article\" \/>\n<meta property=\"og:title\" content=\"Les Guides - Matuile\" \/>\n<meta property=\"og:description\" content=\"D\u00e9couvrez notre biblioth\u00e8que compl\u00e8te de guides, une collection soigneusement \u00e9labor\u00e9e pour r\u00e9pondre \u00e0 vos besoins vari\u00e9s.\" \/>\n<meta property=\"og:url\" content=\"https:\/\/matuile.com\/media\/guides\/\" \/>\n<meta property=\"og:site_name\" content=\"Matuile\" \/>\n<meta property=\"article:modified_time\" content=\"2024-09-25T11:59:09+00:00\" \/>\n<meta property=\"og:image\" content=\"https:\/\/matuile.com\/media\/wp-content\/uploads\/2024\/02\/Le-guide-des-constats-dhuissier.png\" \/>\n<meta name=\"twitter:card\" content=\"summary_large_image\" \/>\n<meta name=\"twitter:label1\" content=\"Dur\u00e9e de lecture estim\u00e9e\" \/>\n\t<meta name=\"twitter:data1\" content=\"1 minute\" \/>\n<script type=\"application\/ld+json\" class=\"yoast-schema-graph\">{\"@context\":\"https:\\\/\\\/schema.org\",\"@graph\":[{\"@type\":\"WebPage\",\"@id\":\"https:\\\/\\\/matuile.com\\\/media\\\/guides\\\/\",\"url\":\"https:\\\/\\\/matuile.com\\\/media\\\/guides\\\/\",\"name\":\"Les Guides - Matuile\",\"isPartOf\":{\"@id\":\"https:\\\/\\\/matuile.com\\\/media\\\/#website\"},\"primaryImageOfPage\":{\"@id\":\"https:\\\/\\\/matuile.com\\\/media\\\/guides\\\/#primaryimage\"},\"image\":{\"@id\":\"https:\\\/\\\/matuile.com\\\/media\\\/guides\\\/#primaryimage\"},\"thumbnailUrl\":\"https:\\\/\\\/matuile.com\\\/media\\\/wp-content\\\/uploads\\\/2024\\\/02\\\/Le-guide-des-constats-dhuissier.png\",\"datePublished\":\"2024-03-06T14:53:30+00:00\",\"dateModified\":\"2024-09-25T11:59:09+00:00\",\"description\":\"D\u00e9couvrez notre biblioth\u00e8que compl\u00e8te de guides, une collection soigneusement \u00e9labor\u00e9e pour r\u00e9pondre \u00e0 vos besoins vari\u00e9s.\",\"breadcrumb\":{\"@id\":\"https:\\\/\\\/matuile.com\\\/media\\\/guides\\\/#breadcrumb\"},\"inLanguage\":\"fr-FR\",\"potentialAction\":[{\"@type\":\"ReadAction\",\"target\":[\"https:\\\/\\\/matuile.com\\\/media\\\/guides\\\/\"]}]},{\"@type\":\"ImageObject\",\"inLanguage\":\"fr-FR\",\"@id\":\"https:\\\/\\\/matuile.com\\\/media\\\/guides\\\/#primaryimage\",\"url\":\"https:\\\/\\\/matuile.com\\\/media\\\/wp-content\\\/uploads\\\/2024\\\/02\\\/Le-guide-des-constats-dhuissier.png\",\"contentUrl\":\"https:\\\/\\\/matuile.com\\\/media\\\/wp-content\\\/uploads\\\/2024\\\/02\\\/Le-guide-des-constats-dhuissier.png\",\"width\":1620,\"height\":626},{\"@type\":\"BreadcrumbList\",\"@id\":\"https:\\\/\\\/matuile.com\\\/media\\\/guides\\\/#breadcrumb\",\"itemListElement\":[{\"@type\":\"ListItem\",\"position\":1,\"name\":\"Accueil\",\"item\":\"https:\\\/\\\/matuile.com\\\/media\\\/\"},{\"@type\":\"ListItem\",\"position\":2,\"name\":\"Les guides\"}]},{\"@type\":\"WebSite\",\"@id\":\"https:\\\/\\\/matuile.com\\\/media\\\/#website\",\"url\":\"https:\\\/\\\/matuile.com\\\/media\\\/\",\"name\":\"Matuile Blog\",\"description\":\"La solution \u00e0 votre urgence\",\"publisher\":{\"@id\":\"https:\\\/\\\/matuile.com\\\/media\\\/#organization\"},\"alternateName\":\"Matuile\",\"potentialAction\":[{\"@type\":\"SearchAction\",\"target\":{\"@type\":\"EntryPoint\",\"urlTemplate\":\"https:\\\/\\\/matuile.com\\\/media\\\/?s={search_term_string}\"},\"query-input\":{\"@type\":\"PropertyValueSpecification\",\"valueRequired\":true,\"valueName\":\"search_term_string\"}}],\"inLanguage\":\"fr-FR\"},{\"@type\":\"Organization\",\"@id\":\"https:\\\/\\\/matuile.com\\\/media\\\/#organization\",\"name\":\"Matuile\",\"url\":\"https:\\\/\\\/matuile.com\\\/media\\\/\",\"logo\":{\"@type\":\"ImageObject\",\"inLanguage\":\"fr-FR\",\"@id\":\"https:\\\/\\\/matuile.com\\\/media\\\/#\\\/schema\\\/logo\\\/image\\\/\",\"url\":\"https:\\\/\\\/matuile.com\\\/media\\\/wp-content\\\/uploads\\\/2023\\\/04\\\/Matuile.png\",\"contentUrl\":\"https:\\\/\\\/matuile.com\\\/media\\\/wp-content\\\/uploads\\\/2023\\\/04\\\/Matuile.png\",\"width\":700,\"height\":700,\"caption\":\"Matuile\"},\"image\":{\"@id\":\"https:\\\/\\\/matuile.com\\\/media\\\/#\\\/schema\\\/logo\\\/image\\\/\"}}]}<\/script>\n<!-- \/ Yoast SEO plugin. -->","yoast_head_json":{"title":"Les Guides - Matuile","description":"D\u00e9couvrez notre biblioth\u00e8que compl\u00e8te de guides, une collection soigneusement \u00e9labor\u00e9e pour r\u00e9pondre \u00e0 vos besoins vari\u00e9s.","robots":{"index":"index","follow":"follow","max-snippet":"max-snippet:-1","max-image-preview":"max-image-preview:large","max-video-preview":"max-video-preview:-1"},"canonical":"https:\/\/matuile.com\/media\/guides\/","og_locale":"fr_FR","og_type":"article","og_title":"Les Guides - Matuile","og_description":"D\u00e9couvrez notre biblioth\u00e8que compl\u00e8te de guides, une collection soigneusement \u00e9labor\u00e9e pour r\u00e9pondre \u00e0 vos besoins vari\u00e9s.","og_url":"https:\/\/matuile.com\/media\/guides\/","og_site_name":"Matuile","article_modified_time":"2024-09-25T11:59:09+00:00","og_image":[{"url":"https:\/\/matuile.com\/media\/wp-content\/uploads\/2024\/02\/Le-guide-des-constats-dhuissier.png","type":"","width":"","height":""}],"twitter_card":"summary_large_image","twitter_misc":{"Dur\u00e9e de lecture estim\u00e9e":"1 minute"},"schema":{"@context":"https:\/\/schema.org","@graph":[{"@type":"WebPage","@id":"https:\/\/matuile.com\/media\/guides\/","url":"https:\/\/matuile.com\/media\/guides\/","name":"Les Guides - Matuile","isPartOf":{"@id":"https:\/\/matuile.com\/media\/#website"},"primaryImageOfPage":{"@id":"https:\/\/matuile.com\/media\/guides\/#primaryimage"},"image":{"@id":"https:\/\/matuile.com\/media\/guides\/#primaryimage"},"thumbnailUrl":"https:\/\/matuile.com\/media\/wp-content\/uploads\/2024\/02\/Le-guide-des-constats-dhuissier.png","datePublished":"2024-03-06T14:53:30+00:00","dateModified":"2024-09-25T11:59:09+00:00","description":"D\u00e9couvrez notre biblioth\u00e8que compl\u00e8te de guides, une collection soigneusement \u00e9labor\u00e9e pour r\u00e9pondre \u00e0 vos besoins vari\u00e9s.","breadcrumb":{"@id":"https:\/\/matuile.com\/media\/guides\/#breadcrumb"},"inLanguage":"fr-FR","potentialAction":[{"@type":"ReadAction","target":["https:\/\/matuile.com\/media\/guides\/"]}]},{"@type":"ImageObject","inLanguage":"fr-FR","@id":"https:\/\/matuile.com\/media\/guides\/#primaryimage","url":"https:\/\/matuile.com\/media\/wp-content\/uploads\/2024\/02\/Le-guide-des-constats-dhuissier.png","contentUrl":"https:\/\/matuile.com\/media\/wp-content\/uploads\/2024\/02\/Le-guide-des-constats-dhuissier.png","width":1620,"height":626},{"@type":"BreadcrumbList","@id":"https:\/\/matuile.com\/media\/guides\/#breadcrumb","itemListElement":[{"@type":"ListItem","position":1,"name":"Accueil","item":"https:\/\/matuile.com\/media\/"},{"@type":"ListItem","position":2,"name":"Les guides"}]},{"@type":"WebSite","@id":"https:\/\/matuile.com\/media\/#website","url":"https:\/\/matuile.com\/media\/","name":"Matuile Blog","description":"La solution \u00e0 votre urgence","publisher":{"@id":"https:\/\/matuile.com\/media\/#organization"},"alternateName":"Matuile","potentialAction":[{"@type":"SearchAction","target":{"@type":"EntryPoint","urlTemplate":"https:\/\/matuile.com\/media\/?s={search_term_string}"},"query-input":{"@type":"PropertyValueSpecification","valueRequired":true,"valueName":"search_term_string"}}],"inLanguage":"fr-FR"},{"@type":"Organization","@id":"https:\/\/matuile.com\/media\/#organization","name":"Matuile","url":"https:\/\/matuile.com\/media\/","logo":{"@type":"ImageObject","inLanguage":"fr-FR","@id":"https:\/\/matuile.com\/media\/#\/schema\/logo\/image\/","url":"https:\/\/matuile.com\/media\/wp-content\/uploads\/2023\/04\/Matuile.png","contentUrl":"https:\/\/matuile.com\/media\/wp-content\/uploads\/2023\/04\/Matuile.png","width":700,"height":700,"caption":"Matuile"},"image":{"@id":"https:\/\/matuile.com\/media\/#\/schema\/logo\/image\/"}}]}},"_links":{"self":[{"href":"https:\/\/matuile.com\/media\/wp-json\/wp\/v2\/pages\/41227","targetHints":{"allow":["GET"]}}],"collection":[{"href":"https:\/\/matuile.com\/media\/wp-json\/wp\/v2\/pages"}],"about":[{"href":"https:\/\/matuile.com\/media\/wp-json\/wp\/v2\/types\/page"}],"author":[{"embeddable":true,"href":"https:\/\/matuile.com\/media\/wp-json\/wp\/v2\/users\/7"}],"replies":[{"embeddable":true,"href":"https:\/\/matuile.com\/media\/wp-json\/wp\/v2\/comments?post=41227"}],"version-history":[{"count":108,"href":"https:\/\/matuile.com\/media\/wp-json\/wp\/v2\/pages\/41227\/revisions"}],"predecessor-version":[{"id":75912,"href":"https:\/\/matuile.com\/media\/wp-json\/wp\/v2\/pages\/41227\/revisions\/75912"}],"wp:attachment":[{"href":"https:\/\/matuile.com\/media\/wp-json\/wp\/v2\/media?parent=41227"}],"curies":[{"name":"wp","href":"https:\/\/api.w.org\/{rel}","templated":true}]}}