{"id":1616,"date":"2024-03-06T15:48:55","date_gmt":"2024-03-06T14:48:55","guid":{"rendered":"https:\/\/matuile.com\/media\/?page_id=1616"},"modified":"2024-03-06T15:49:54","modified_gmt":"2024-03-06T14:49:54","slug":"direct-replay","status":"publish","type":"page","link":"https:\/\/matuile.com\/media\/direct-replay\/","title":{"rendered":"Direct &#038; Replay"},"content":{"rendered":"<div class=\"shortcode-block\"><div class=\"inhype-postsgrid2-block-wrapper inhype-postsgrid2-block-wrapper-416404 inhype-block\"><div class=\"container container-title\"><div class=\"row\"><div class=\"inhype-block-title\"><h3>Direct<\/h3><\/div><\/div><\/div><div class=\"container container-content\"><div class=\"row\"><div class=\"col-md-6\"><div class=\"inhype-overlay-post inhype-post inhype-post-invert format-video\" data-aos=\"zoom-in\"><div class=\"inhype-post-wrapper-inner\"><div class=\"inhype-post-image\" data-style=\"background-image: url(https:\/\/matuile.com\/media\/wp-content\/uploads\/2022\/11\/pexels-alena-darmel-6643718-1140x694.jpg);\"><div class=\"inhype-post-format-icon\"><\/div><\/div>\n<div class=\"inhype-post-details\">\n\n<div class=\"inhype-post-details-inner\">\n<div class=\"post-categories\"><a href=\"https:\/\/matuile.com\/media\/category\/video-direct-matuile\/\"><span class=\"cat-dot\" data-style=\"background-color: #25a8ea;\"><\/span><span class=\"cat-title\">Direct<\/span><\/a><\/div><h3 class=\"post-title entry-title\"><a href=\"https:\/\/matuile.com\/media\/devenez-partenaire-plombier-chauffagiste\/\">Devenez partenaire Plombier-Chauffagiste<\/a><\/h3><div class=\"post-date\"><time class=\"entry-date published updated\" datetime=\"2023-05-02T12:13:49+02:00\">2 mai 2023<\/time><\/div>\n<div class=\"post-info-dot\"><\/div>\n<div class=\"post-read-time\">1 Minutes de lecture<\/div>\n<\/div>\n\n<\/div>\n\n\n<\/div>\n<\/div>\n<\/div><div class=\"col-md-6\"><div class=\"inhype-overlay-post inhype-post inhype-post-invert format-video\" data-aos=\"zoom-in\"><div class=\"inhype-post-wrapper-inner\"><div class=\"inhype-post-image\" data-style=\"background-image: url(https:\/\/matuile.com\/media\/wp-content\/uploads\/2022\/11\/pexels-cottonbro-studio-5416322-1140x694.jpg);\"><div class=\"inhype-post-format-icon\"><\/div><\/div>\n<div class=\"inhype-post-details\">\n\n<div class=\"inhype-post-details-inner\">\n<div class=\"post-categories\"><a href=\"https:\/\/matuile.com\/media\/category\/video-direct-matuile\/\"><span class=\"cat-dot\" data-style=\"background-color: #25a8ea;\"><\/span><span class=\"cat-title\">Direct<\/span><\/a><\/div><h3 class=\"post-title entry-title\"><a href=\"https:\/\/matuile.com\/media\/devenez-partenaire-electricien\/\">Devenez partenaire \u00c9lectricien<\/a><\/h3><div class=\"post-date\"><time class=\"entry-date published updated\" datetime=\"2023-05-02T12:11:53+02:00\">2 mai 2023<\/time><\/div>\n<div class=\"post-info-dot\"><\/div>\n<div class=\"post-read-time\">1 Minutes de lecture<\/div>\n<\/div>\n\n<\/div>\n\n\n<\/div>\n<\/div>\n<\/div><div class=\"col-md-6\"><div class=\"inhype-overlay-post inhype-post inhype-post-invert format-video\" data-aos=\"zoom-in\"><div class=\"inhype-post-wrapper-inner\"><div class=\"inhype-post-image\" data-style=\"background-image: url(https:\/\/matuile.com\/media\/wp-content\/uploads\/2023\/04\/pexels-ron-lach-10366913-1-1140x694.jpg);\"><div class=\"inhype-post-format-icon\"><\/div><\/div>\n<div class=\"inhype-post-details\">\n\n<div class=\"inhype-post-details-inner\">\n<div class=\"post-categories\"><a href=\"https:\/\/matuile.com\/media\/category\/video-direct-matuile\/\"><span class=\"cat-dot\" data-style=\"background-color: #25a8ea;\"><\/span><span class=\"cat-title\">Direct<\/span><\/a><\/div><h3 class=\"post-title entry-title\"><a href=\"https:\/\/matuile.com\/media\/devenez-partenaire-huissier-de-justice\/\">Devenez partenaire Huissier de Justice<\/a><\/h3><div class=\"post-date\"><time class=\"entry-date published updated\" datetime=\"2023-05-02T12:10:50+02:00\">2 mai 2023<\/time><\/div>\n<div class=\"post-info-dot\"><\/div>\n<div class=\"post-read-time\">1 Minutes de lecture<\/div>\n<\/div>\n\n<\/div>\n\n\n<\/div>\n<\/div>\n<\/div><div class=\"col-md-6\"><div class=\"inhype-overlay-post inhype-post inhype-post-invert format-video\" data-aos=\"zoom-in\"><div class=\"inhype-post-wrapper-inner\"><div class=\"inhype-post-image\" data-style=\"background-image: url(https:\/\/matuile.com\/media\/wp-content\/uploads\/2022\/11\/pexels-mart-production-7330700-1140x694.jpg);\"><div class=\"inhype-post-format-icon\"><\/div><\/div>\n<div class=\"inhype-post-details\">\n\n<div class=\"inhype-post-details-inner\">\n<div class=\"post-categories\"><a href=\"https:\/\/matuile.com\/media\/category\/video-direct-matuile\/\"><span class=\"cat-dot\" data-style=\"background-color: #25a8ea;\"><\/span><span class=\"cat-title\">Direct<\/span><\/a><\/div><h3 class=\"post-title entry-title\"><a href=\"https:\/\/matuile.com\/media\/devenez-partenaire-reparateur-informatique\/\">Devenez partenaire R\u00e9parateur informatique<\/a><\/h3><div class=\"post-date\"><time class=\"entry-date published updated\" datetime=\"2023-05-02T12:06:40+02:00\">2 mai 2023<\/time><\/div>\n<div class=\"post-info-dot\"><\/div>\n<div class=\"post-read-time\">1 Minutes de lecture<\/div>\n<\/div>\n\n<\/div>\n\n\n<\/div>\n<\/div>\n<\/div><div class=\"col-md-6\"><div class=\"inhype-overlay-post inhype-post inhype-post-invert format-video\" data-aos=\"zoom-in\"><div class=\"inhype-post-wrapper-inner\"><div class=\"inhype-post-image\" data-style=\"background-image: url(https:\/\/matuile.com\/media\/wp-content\/uploads\/2022\/11\/pexels-nicola-barts-7926721-1140x694.jpg);\"><div class=\"inhype-post-format-icon\"><\/div><\/div>\n<div class=\"inhype-post-details\">\n\n<div class=\"inhype-post-details-inner\">\n<div class=\"post-categories\"><a href=\"https:\/\/matuile.com\/media\/category\/video-direct-matuile\/\"><span class=\"cat-dot\" data-style=\"background-color: #25a8ea;\"><\/span><span class=\"cat-title\">Direct<\/span><\/a><\/div><h3 class=\"post-title entry-title\"><a href=\"https:\/\/matuile.com\/media\/devenez-partenaire-avocat\/\">Devenez partenaire Avocat<\/a><\/h3><div class=\"post-date\"><time class=\"entry-date published updated\" datetime=\"2023-05-02T12:02:12+02:00\">2 mai 2023<\/time><\/div>\n<div class=\"post-info-dot\"><\/div>\n<div class=\"post-read-time\">1 Minutes de lecture<\/div>\n<\/div>\n\n<\/div>\n\n\n<\/div>\n<\/div>\n<\/div><div class=\"col-md-6\"><div class=\"inhype-overlay-post inhype-post inhype-post-invert format-video\" data-aos=\"zoom-in\"><div class=\"inhype-post-wrapper-inner\"><div class=\"inhype-post-image\" data-style=\"background-image: url(https:\/\/matuile.com\/media\/wp-content\/uploads\/2022\/11\/pexels-cottonbro-studio-6203483-1140x694.jpg);\"><div class=\"inhype-post-format-icon\"><\/div><\/div>\n<div class=\"inhype-post-details\">\n\n<div class=\"inhype-post-details-inner\">\n<div class=\"post-categories\"><a href=\"https:\/\/matuile.com\/media\/category\/video-direct-matuile\/\"><span class=\"cat-dot\" data-style=\"background-color: #25a8ea;\"><\/span><span class=\"cat-title\">Direct<\/span><\/a><\/div><h3 class=\"post-title entry-title\"><a href=\"https:\/\/matuile.com\/media\/devenez-partenaire-serrurier\/\">Devenez partenaire Serrurier<\/a><\/h3><div class=\"post-date\"><time class=\"entry-date published updated\" datetime=\"2023-05-02T12:01:32+02:00\">2 mai 2023<\/time><\/div>\n<div class=\"post-info-dot\"><\/div>\n<div class=\"post-read-time\">1 Minutes de lecture<\/div>\n<\/div>\n\n<\/div>\n\n\n<\/div>\n<\/div>\n<\/div><div class=\"col-md-12 inhype-block-button\" data-aos=\"zoom-in\"><a href=\"#\" class=\"btn btn-load-more\">Voir +<\/a><\/div><\/div><\/div><\/div><\/div><div class=\"shortcode-block\"><div class=\"inhype-postsgrid2-block-wrapper inhype-postsgrid2-block-wrapper-743449 inhype-block\"><div class=\"container container-title\"><div class=\"row\"><div class=\"inhype-block-title\"><h3>Replay<\/h3><\/div><\/div><\/div><div class=\"container container-content\"><div class=\"row\"><div class=\"col-md-6\"><div class=\"inhype-overlay-post inhype-post inhype-post-invert format-video\" data-aos=\"zoom-in\"><div class=\"inhype-post-wrapper-inner\"><div class=\"inhype-post-image\" data-style=\"background-image: url(https:\/\/matuile.com\/media\/wp-content\/uploads\/2023\/02\/pexels-mikhail-nilov-7662301-1140x694.jpg);\"><div class=\"inhype-post-format-icon\"><\/div><\/div>\n<div class=\"inhype-post-details\">\n\n<div class=\"inhype-post-details-inner\">\n<div class=\"post-categories\"><a href=\"https:\/\/matuile.com\/media\/category\/video-replay-matuile\/\"><span class=\"cat-dot\" data-style=\"background-color: #dd25ea;\"><\/span><span class=\"cat-title\">Replay<\/span><\/a><\/div><h3 class=\"post-title entry-title\"><a href=\"https:\/\/matuile.com\/media\/matuile-cest-facile\/\">Matuile c'est facile !<\/a><\/h3><div class=\"post-date\"><time class=\"entry-date published updated\" datetime=\"2023-04-25T11:03:00+02:00\">25 avril 2023<\/time><\/div>\n<div class=\"post-info-dot\"><\/div>\n<div class=\"post-read-time\">1 Minutes de lecture<\/div>\n<\/div>\n\n<\/div>\n\n\n<\/div>\n<\/div>\n<\/div><div class=\"col-md-6\"><div class=\"inhype-overlay-post inhype-post inhype-post-invert format-video\" data-aos=\"zoom-in\"><div class=\"inhype-post-wrapper-inner\"><div class=\"inhype-post-image\" data-style=\"background-image: url(https:\/\/matuile.com\/media\/wp-content\/uploads\/2022\/11\/pexels-kindel-media-7773266-1140x694.jpg);\"><div class=\"inhype-post-format-icon\"><\/div><\/div>\n<div class=\"inhype-post-details\">\n\n<div class=\"inhype-post-details-inner\">\n<div class=\"post-categories\"><a href=\"https:\/\/matuile.com\/media\/category\/video-replay-matuile\/\"><span class=\"cat-dot\" data-style=\"background-color: #dd25ea;\"><\/span><span class=\"cat-title\">Replay<\/span><\/a><\/div><h3 class=\"post-title entry-title\"><a href=\"https:\/\/matuile.com\/media\/avocat-garde-a-vue\/\">Tu pars en garde \u00e0 vue ?<\/a><\/h3><div class=\"post-date\"><time class=\"entry-date published updated\" datetime=\"2023-04-25T10:32:00+02:00\">25 avril 2023<\/time><\/div>\n<div class=\"post-info-dot\"><\/div>\n<div class=\"post-read-time\">1 Minutes de lecture<\/div>\n<\/div>\n\n<\/div>\n\n\n<\/div>\n<\/div>\n<\/div><div class=\"col-md-6\"><div class=\"inhype-overlay-post inhype-post inhype-post-invert format-video\" data-aos=\"zoom-in\"><div class=\"inhype-post-wrapper-inner\"><div class=\"inhype-post-image\" data-style=\"background-image: url(https:\/\/matuile.com\/media\/wp-content\/uploads\/2022\/11\/pexels-jakson-martins-3880049-1140x694.jpg);\"><div class=\"inhype-post-format-icon\"><\/div><\/div>\n<div class=\"inhype-post-details\">\n\n<div class=\"inhype-post-details-inner\">\n<div class=\"post-categories\"><a href=\"https:\/\/matuile.com\/media\/category\/video-replay-matuile\/\"><span class=\"cat-dot\" data-style=\"background-color: #dd25ea;\"><\/span><span class=\"cat-title\">Replay<\/span><\/a><\/div><h3 class=\"post-title entry-title\"><a href=\"https:\/\/matuile.com\/media\/protegez-vous-des-pirates\/\">Prot\u00e9gez-vous des pirates !<\/a><\/h3><div class=\"post-date\"><time class=\"entry-date published updated\" datetime=\"2023-04-24T23:51:02+02:00\">24 avril 2023<\/time><\/div>\n<div class=\"post-info-dot\"><\/div>\n<div class=\"post-read-time\">1 Minutes de lecture<\/div>\n<\/div>\n\n<\/div>\n\n\n<\/div>\n<\/div>\n<\/div><div class=\"col-md-6\"><div class=\"inhype-overlay-post inhype-post inhype-post-invert format-video\" data-aos=\"zoom-in\"><div class=\"inhype-post-wrapper-inner\"><div class=\"inhype-post-image\" data-style=\"background-image: url(https:\/\/matuile.com\/media\/wp-content\/uploads\/2022\/11\/pexels-mart-production-7219817-1-1140x694.jpg);\"><div class=\"inhype-post-format-icon\"><\/div><\/div>\n<div class=\"inhype-post-details\">\n\n<div class=\"inhype-post-details-inner\">\n<div class=\"post-categories\"><a href=\"https:\/\/matuile.com\/media\/category\/video-replay-matuile\/\"><span class=\"cat-dot\" data-style=\"background-color: #dd25ea;\"><\/span><span class=\"cat-title\">Replay<\/span><\/a><\/div><h3 class=\"post-title entry-title\"><a href=\"https:\/\/matuile.com\/media\/matuile-cest-facile-prier\/\">Un miracle !<\/a><\/h3><div class=\"post-date\"><time class=\"entry-date published updated\" datetime=\"2023-04-24T23:42:13+02:00\">24 avril 2023<\/time><\/div>\n<div class=\"post-info-dot\"><\/div>\n<div class=\"post-read-time\">1 Minutes de lecture<\/div>\n<\/div>\n\n<\/div>\n\n\n<\/div>\n<\/div>\n<\/div><div class=\"col-md-6\"><div class=\"inhype-overlay-post inhype-post inhype-post-invert format-video\" data-aos=\"zoom-in\"><div class=\"inhype-post-wrapper-inner\"><div class=\"inhype-post-image\" data-style=\"background-image: url(https:\/\/matuile.com\/media\/wp-content\/uploads\/2022\/11\/pexels-olha-ruskykh-6821640-1140x694.jpg);\"><div class=\"inhype-post-format-icon\"><\/div><\/div>\n<div class=\"inhype-post-details\">\n\n<div class=\"inhype-post-details-inner\">\n<div class=\"post-categories\"><a href=\"https:\/\/matuile.com\/media\/category\/video-replay-matuile\/\"><span class=\"cat-dot\" data-style=\"background-color: #dd25ea;\"><\/span><span class=\"cat-title\">Replay<\/span><\/a><\/div><h3 class=\"post-title entry-title\"><a href=\"https:\/\/matuile.com\/media\/besoin-pro-en-urgence-misez-sur-le-bon-cheval\/\">Besoin d'un pro en urgence ? Misez sur le bon cheval !<\/a><\/h3><div class=\"post-date\"><time class=\"entry-date published updated\" datetime=\"2023-04-18T10:08:46+02:00\">18 avril 2023<\/time><\/div>\n<div class=\"post-info-dot\"><\/div>\n<div class=\"post-read-time\">1 Minutes de lecture<\/div>\n<\/div>\n\n<\/div>\n\n\n<\/div>\n<\/div>\n<\/div><\/div><\/div><\/div><\/div>","protected":false},"excerpt":{"rendered":"","protected":false},"author":3,"featured_media":0,"parent":0,"menu_order":0,"comment_status":"closed","ping_status":"closed","template":"","meta":{"inline_featured_image":false,"footnotes":""},"class_list":["post-1616","page","type-page","status-publish"],"acf":[],"yoast_head":"<!-- This site is optimized with the Yoast SEO plugin v27.6 - https:\/\/yoast.com\/product\/yoast-seo-wordpress\/ -->\n<title>Direct &amp; Replay - Matuile<\/title>\n<meta name=\"description\" content=\"Explorez nos contenus en direct et en replay pour une exp\u00e9rience de visionnage immersive. Ne manquez aucune \u00e9mission ou \u00e9v\u00e9nement !\" \/>\n<meta name=\"robots\" content=\"index, follow, max-snippet:-1, max-image-preview:large, max-video-preview:-1\" \/>\n<link rel=\"canonical\" href=\"https:\/\/matuile.com\/media\/direct-replay\/\" \/>\n<meta property=\"og:locale\" content=\"fr_FR\" \/>\n<meta property=\"og:type\" content=\"article\" \/>\n<meta property=\"og:title\" content=\"Direct &amp; Replay - Matuile\" \/>\n<meta property=\"og:description\" content=\"Explorez nos contenus en direct et en replay pour une exp\u00e9rience de visionnage immersive. Ne manquez aucune \u00e9mission ou \u00e9v\u00e9nement !\" \/>\n<meta property=\"og:url\" content=\"https:\/\/matuile.com\/media\/direct-replay\/\" \/>\n<meta property=\"og:site_name\" content=\"Matuile\" \/>\n<meta property=\"article:modified_time\" content=\"2024-03-06T14:49:54+00:00\" \/>\n<meta name=\"twitter:card\" content=\"summary_large_image\" \/>\n<meta name=\"twitter:label1\" content=\"Dur\u00e9e de lecture estim\u00e9e\" \/>\n\t<meta name=\"twitter:data1\" content=\"1 minute\" \/>\n<script type=\"application\/ld+json\" class=\"yoast-schema-graph\">{\"@context\":\"https:\\\/\\\/schema.org\",\"@graph\":[{\"@type\":\"WebPage\",\"@id\":\"https:\\\/\\\/matuile.com\\\/media\\\/direct-replay\\\/\",\"url\":\"https:\\\/\\\/matuile.com\\\/media\\\/direct-replay\\\/\",\"name\":\"Direct & Replay - Matuile\",\"isPartOf\":{\"@id\":\"https:\\\/\\\/matuile.com\\\/media\\\/#website\"},\"datePublished\":\"2024-03-06T14:48:55+00:00\",\"dateModified\":\"2024-03-06T14:49:54+00:00\",\"description\":\"Explorez nos contenus en direct et en replay pour une exp\u00e9rience de visionnage immersive. Ne manquez aucune \u00e9mission ou \u00e9v\u00e9nement !\",\"breadcrumb\":{\"@id\":\"https:\\\/\\\/matuile.com\\\/media\\\/direct-replay\\\/#breadcrumb\"},\"inLanguage\":\"fr-FR\",\"potentialAction\":[{\"@type\":\"ReadAction\",\"target\":[\"https:\\\/\\\/matuile.com\\\/media\\\/direct-replay\\\/\"]}]},{\"@type\":\"BreadcrumbList\",\"@id\":\"https:\\\/\\\/matuile.com\\\/media\\\/direct-replay\\\/#breadcrumb\",\"itemListElement\":[{\"@type\":\"ListItem\",\"position\":1,\"name\":\"Accueil\",\"item\":\"https:\\\/\\\/matuile.com\\\/media\\\/\"},{\"@type\":\"ListItem\",\"position\":2,\"name\":\"Direct &#038; Replay\"}]},{\"@type\":\"WebSite\",\"@id\":\"https:\\\/\\\/matuile.com\\\/media\\\/#website\",\"url\":\"https:\\\/\\\/matuile.com\\\/media\\\/\",\"name\":\"Matuile Blog\",\"description\":\"La solution \u00e0 votre urgence\",\"publisher\":{\"@id\":\"https:\\\/\\\/matuile.com\\\/media\\\/#organization\"},\"alternateName\":\"Matuile\",\"potentialAction\":[{\"@type\":\"SearchAction\",\"target\":{\"@type\":\"EntryPoint\",\"urlTemplate\":\"https:\\\/\\\/matuile.com\\\/media\\\/?s={search_term_string}\"},\"query-input\":{\"@type\":\"PropertyValueSpecification\",\"valueRequired\":true,\"valueName\":\"search_term_string\"}}],\"inLanguage\":\"fr-FR\"},{\"@type\":\"Organization\",\"@id\":\"https:\\\/\\\/matuile.com\\\/media\\\/#organization\",\"name\":\"Matuile\",\"url\":\"https:\\\/\\\/matuile.com\\\/media\\\/\",\"logo\":{\"@type\":\"ImageObject\",\"inLanguage\":\"fr-FR\",\"@id\":\"https:\\\/\\\/matuile.com\\\/media\\\/#\\\/schema\\\/logo\\\/image\\\/\",\"url\":\"https:\\\/\\\/matuile.com\\\/media\\\/wp-content\\\/uploads\\\/2023\\\/04\\\/Matuile.png\",\"contentUrl\":\"https:\\\/\\\/matuile.com\\\/media\\\/wp-content\\\/uploads\\\/2023\\\/04\\\/Matuile.png\",\"width\":700,\"height\":700,\"caption\":\"Matuile\"},\"image\":{\"@id\":\"https:\\\/\\\/matuile.com\\\/media\\\/#\\\/schema\\\/logo\\\/image\\\/\"}}]}<\/script>\n<!-- \/ Yoast SEO plugin. -->","yoast_head_json":{"title":"Direct & Replay - Matuile","description":"Explorez nos contenus en direct et en replay pour une exp\u00e9rience de visionnage immersive. Ne manquez aucune \u00e9mission ou \u00e9v\u00e9nement !","robots":{"index":"index","follow":"follow","max-snippet":"max-snippet:-1","max-image-preview":"max-image-preview:large","max-video-preview":"max-video-preview:-1"},"canonical":"https:\/\/matuile.com\/media\/direct-replay\/","og_locale":"fr_FR","og_type":"article","og_title":"Direct & Replay - Matuile","og_description":"Explorez nos contenus en direct et en replay pour une exp\u00e9rience de visionnage immersive. Ne manquez aucune \u00e9mission ou \u00e9v\u00e9nement !","og_url":"https:\/\/matuile.com\/media\/direct-replay\/","og_site_name":"Matuile","article_modified_time":"2024-03-06T14:49:54+00:00","twitter_card":"summary_large_image","twitter_misc":{"Dur\u00e9e de lecture estim\u00e9e":"1 minute"},"schema":{"@context":"https:\/\/schema.org","@graph":[{"@type":"WebPage","@id":"https:\/\/matuile.com\/media\/direct-replay\/","url":"https:\/\/matuile.com\/media\/direct-replay\/","name":"Direct & Replay - Matuile","isPartOf":{"@id":"https:\/\/matuile.com\/media\/#website"},"datePublished":"2024-03-06T14:48:55+00:00","dateModified":"2024-03-06T14:49:54+00:00","description":"Explorez nos contenus en direct et en replay pour une exp\u00e9rience de visionnage immersive. Ne manquez aucune \u00e9mission ou \u00e9v\u00e9nement !","breadcrumb":{"@id":"https:\/\/matuile.com\/media\/direct-replay\/#breadcrumb"},"inLanguage":"fr-FR","potentialAction":[{"@type":"ReadAction","target":["https:\/\/matuile.com\/media\/direct-replay\/"]}]},{"@type":"BreadcrumbList","@id":"https:\/\/matuile.com\/media\/direct-replay\/#breadcrumb","itemListElement":[{"@type":"ListItem","position":1,"name":"Accueil","item":"https:\/\/matuile.com\/media\/"},{"@type":"ListItem","position":2,"name":"Direct &#038; Replay"}]},{"@type":"WebSite","@id":"https:\/\/matuile.com\/media\/#website","url":"https:\/\/matuile.com\/media\/","name":"Matuile Blog","description":"La solution \u00e0 votre urgence","publisher":{"@id":"https:\/\/matuile.com\/media\/#organization"},"alternateName":"Matuile","potentialAction":[{"@type":"SearchAction","target":{"@type":"EntryPoint","urlTemplate":"https:\/\/matuile.com\/media\/?s={search_term_string}"},"query-input":{"@type":"PropertyValueSpecification","valueRequired":true,"valueName":"search_term_string"}}],"inLanguage":"fr-FR"},{"@type":"Organization","@id":"https:\/\/matuile.com\/media\/#organization","name":"Matuile","url":"https:\/\/matuile.com\/media\/","logo":{"@type":"ImageObject","inLanguage":"fr-FR","@id":"https:\/\/matuile.com\/media\/#\/schema\/logo\/image\/","url":"https:\/\/matuile.com\/media\/wp-content\/uploads\/2023\/04\/Matuile.png","contentUrl":"https:\/\/matuile.com\/media\/wp-content\/uploads\/2023\/04\/Matuile.png","width":700,"height":700,"caption":"Matuile"},"image":{"@id":"https:\/\/matuile.com\/media\/#\/schema\/logo\/image\/"}}]}},"_links":{"self":[{"href":"https:\/\/matuile.com\/media\/wp-json\/wp\/v2\/pages\/1616","targetHints":{"allow":["GET"]}}],"collection":[{"href":"https:\/\/matuile.com\/media\/wp-json\/wp\/v2\/pages"}],"about":[{"href":"https:\/\/matuile.com\/media\/wp-json\/wp\/v2\/types\/page"}],"author":[{"embeddable":true,"href":"https:\/\/matuile.com\/media\/wp-json\/wp\/v2\/users\/3"}],"replies":[{"embeddable":true,"href":"https:\/\/matuile.com\/media\/wp-json\/wp\/v2\/comments?post=1616"}],"version-history":[{"count":18,"href":"https:\/\/matuile.com\/media\/wp-json\/wp\/v2\/pages\/1616\/revisions"}],"predecessor-version":[{"id":6146,"href":"https:\/\/matuile.com\/media\/wp-json\/wp\/v2\/pages\/1616\/revisions\/6146"}],"wp:attachment":[{"href":"https:\/\/matuile.com\/media\/wp-json\/wp\/v2\/media?parent=1616"}],"curies":[{"name":"wp","href":"https:\/\/api.w.org\/{rel}","templated":true}]}}